 divided by 22?
21
Suppose 206 = 5*a - 2*c, -a + 13*c + 52 = 9*c. What is the remainder when 55 is divided by a?
15
Let t(u) = 2*u**3 + 19*u**2 + 15*u + 8. What is the remainder when t(-7) is divided by 21?
1
Suppose -s + 41 = -5*p + p, -5*s - 5*p + 130 = 0. Let x(b) = -3*b - 7. Let o be x(0). What is the remainder when s is divided by (-10)/((o - -3)/4)?
9
Suppose 40 = -3*r + 8*r. Let d(o) = o**2 - 5*o + 5. Calculate the remainder when 5/20 - (-150)/r is divided by d(6).
8
Suppose -8*n = -227 - 405. What is the remainder when 390 is divided by n?
74
Let p(r) = r**2 - 37*r + 353. Calculate the remainder when 203 is divided by p(21).
16
Let g(p) = -5*p**2 + 1. Let l be g(1). What is the remainder when 1449/77 + l/(-22) is divided by 2?
1
Let q(v) = -v**2 - 10*v + 4. Let y be q(-10). Suppose m + 2*f = 2*m - 31, 88 = y*m + 4*f. What is the remainder when 122 is divided by m?
22
Let g = -181 + 290. What is the remainder when g is divided by 14?
11
Let m = 0 - -5. Suppose 44 = m*i - 106. What is the remainder when i is divided by (-4 - -5)/(11 - (5 + (-390)/(-66)))?
8
Calculate the remainder when ((-1845)/75)/((-3)/15) is divided by 32.
27
Suppose 0 = 4*s + 3*o + 2*o - 626, -3*o + 312 = 2*s. What is the remainder when s is divided by 11?
5
Let f(c) = 18*c + 164. Calculate the remainder when f(-4) is divided by 16.
12
Let v = -158 - -191. Calculate the remainder when 79 is divided by v.
13
Let v be 3 - 2 - (-3 + 2). Let y = 4 - 2. Calculate the remainder when 4 + 0 - (-4)/v is divided by y.
0
Let j(v) = -88*v**2 - 4*v - 5. Let y be j(-1). Let n = y - -99. Calculate the remainder when 37 is divided by n.
7
Let f(c) be the third derivative of 5/24*c**4 + 0 + 1/6*c**3 + 0*c + 2*c**2. Calculate the remainder when f(3) is divided by 6.
4
Suppose 19 = -4*t - 29. Calculate the remainder when (191 + 1)/4*t/(-16) is divided by 10.
6
Let j = -59 - -83. Let c(u) = -2*u**2 + 12*u + 2. Calculate the remainder when (2 + 1)/(j/64) is divided by c(6).
0
Let b = 119 + -106. What is the remainder when 36 is divided by b?
10
Suppose 0*s + s + 98 = -p, -3*p = 5*s + 300. Let m = p - -107. Calculate the remainder when 35 is divided by m.
11
Let s(i) = 11*i - 4 + 5*i + 7 - 4*i. Calculate the remainder when 28 is divided by s(1).
13
Suppose -3*p + 344 = p. Suppose 0 = 5*b + 5*b - 220. What is the remainder when p is divided by b?
20
Let h(b) = -b**2 + 0 - 23*b + 38*b - 13. Suppose -15 = -5*j + 15. Calculate the remainder when h(j) is divided by 14.
13
Let j(c) = -2*c - 7. Let y be j(-6). Let n(d) = d**2 - 6*d - 2. Let z be n(y). Let b(g) = -g**2 - 10*g - 6. Calculate the remainder when b(z) is divided by 8.
7
Let g be (-14)/(-21)*(-324)/(-2). Suppose 3*k = -2*i - 0*k + g, -2*i + 2*k = -88. What is the remainder when i is divided by 17?
14
Let c = 2158 - 1989. Calculate the remainder when c is divided by 33.
4
Calculate the remainder when ((-15)/6)/5*-274 is divided by 32.
9
Let k(t) = 4*t**3 - 2*t + 3. Calculate the remainder when k(1) is divided by 4.
1
Suppose 111*a - 128 = -6*j + 109*a, -4*j + 76 = -a. Calculate the remainder when j is divided by (-1)/(2 + -1) - -9.
4
Suppose 4*j - 985 = -265. What is the remainder when 537 is divided by j?
177
Let o(r) = 3*r - 1. Let c be o(1). Suppose 5*w - 1 = -2*i - 2, -2*w - 2*i = -c. Calculate the remainder when 29 is divided by (0 - (-15 - w)) + 1.
14
Let r = -45 + 51. Let s = 0 + 2. Suppose -r*j = -s*j - 96. What is the remainder when 69 is divided by j?
21
Let p(a) = -8*a + 4. Suppose -3 = y, 26 + 2 = 4*z - 4*y. Calculate the remainder when p(-7) is divided by (2/z)/((-1)/(-42)).
18
Let y(k) = -k + 70. Let h(x) = -139*x - 10. Let b be h(-1). Suppose -4*f + l - 36 = -b, -2*f + 45 = -l. What is the remainder when y(0) is divided by f?
22
Let k = -217 - -229. What is the remainder when 203 is divided by k?
11
Suppose -4*h - 807 + 1047 = 0. What is the remainder when h is divided by 1?
0
Let o = 7 + -5. Suppose 3*k - l = 53, -o*k + 0 + 7 = 5*l. Calculate the remainder when 63 is divided by 12 - k/(-2 + -2).
15
Suppose -100 = 4*b - x, 3*x = 5 - 17. Let d = 0 - b. Let o = d + -11. Calculate the remainder when 57 is divided by o.
12
Let v(a) = -2*a**2 - 2*a + 17. Let o be v(3). Calculate the remainder when 62 is divided by ((o - 4) + -2)/(-1).
10
Let d = 22 - 16. Calculate the remainder when 37 is divided by -4 + d + -4 - -12.
7
Suppose -r = -4*b - 42, -22*r + 19*r + 108 = -3*b. Calculate the remainder when 90 is divided by r.
22
Let b = 50 + 9. Suppose -15*v = -20*v + 50. Calculate the remainder when b is divided by v.
9
Let q(z) = -75*z - 17. Calculate the remainder when q(-2) is divided by 9.
7
Suppose d + 2*w = -3*w + 105, 4*d + 3*w - 437 = 0. Calculate the remainder when d is divided by 27.
2
Let g = 1004 - 449. Suppose 4*a - 1691 = -g. Suppose 6*s - a = 2*s. What is the remainder when s is divided by 24?
23
Suppose -2*v = 5*s - 38 - 29, 124 = 5*v - 2*s. Let x = -23 + v. Suppose -2*l + 40 = 2*l + 5*o, 4*l - 8 = 3*o. Calculate the remainder when l is divided by x.
2
Let w = -35 + 52. Suppose 30*q + 1041 = 3531. Calculate the remainder when q is divided by w.
15
Let b = 166 - 160. Let x(w) = 7*w + 2. Calculate the remainder when x(2) is divided by b.
4
Let t = -12 - -10. Let v(l) = l**2 - 4*l - 3. Let h(o) = 33*o**2 + o - 1. Calculate the remainder when h(1) is divided by v(t).
6
Suppose -91 = 642*h - 655*h. What is the remainder when 79 is divided by h?
2
Suppose 3*t - 64 = -4*a + 5, -36 = -a + 3*t. Let i = -29 + 29. Suppose i = -4*o + 109 - a. What is the remainder when 65 is divided by o?
21
Let n be 20/(-2)*1148/(-70). Suppose 4*b = n + 52. Calculate the remainder when b is divided by 19.
16
Let q(g) = -7*g + 14. Let s(y) = 13*y - 27. Let i(c) = -5*q(c) - 2*s(c). What is the remainder when 24 is divided by i(3)?
2
Let w = 21 - 41. Calculate the remainder when (w/(-6))/((-14)/(-210)) is divided by 18.
14
Let s(u) = u**3 - 3*u**2 - 13*u - 15. Calculate the remainder when 81 is divided by s(6).
6
Let p be (5/(-3))/(15/(-18)). Suppose h + 159 = 4*h - 3*q, 2*h = -p*q + 98. What is the remainder when h is divided by 18?
15
Let z(x) = 9*x**2 - 10*x. Let o(b) = b**3 + 19*b**2 - 19*b - 1. Let w(v) = 2*o(v) - 5*z(v). Calculate the remainder when 59 is divided by w(3).
9
Let y(p) = 4*p. Let t be y(1). Suppose 217 = t*a + 3*a. What is the remainder when 90 is divided by a?
28
Let k be 3*(4 - 14/(-3)). What is the remainder when 38 is divided by k/(-4)*4*(-3)/6?
12
Suppose 91*o - 1001 = 84*o. What is the remainder when o is divided by 52?
39
Suppose -j + 54 = 31*z - 28*z, 0 = j - 3. Calculate the remainder when z is divided by 9.
8
Let u(q) = -q + 2. Let w be u(-1). Suppose 2*o - 2*y - 18 = 0, -w - 2 = y. What is the remainder when (2 + -7 + o)*-87 is divided by 22?
21
Suppose -136 = 29*p - 513. What is the remainder when p is divided by 1?
0
Let u = 264 + -151. Calculate the remainder when u is divided by 38.
37
Let s(k) = -9*k + 3. Calculate the remainder when 6/(-9 - -6)*-74 is divided by s(-3).
28
Suppose 2*o + 3*o - 15 = 0. Suppose o*y + 54 = y. Calculate the remainder when 6/y - (-924)/27 is divided by 9.
7
Calculate the remainder when 98 - ((-1)/2)/(1/10) is divided by 4.
3
Let j = 545 - 436. What is the remainder when j is divided by 16?
13
Calculate the remainder when -35*1/((-25)/380) is divided by 6.
4
Let m(p) = -p**3 + 9*p**2 + 10*p + 2. Let r be m(10). Suppose -3*x + 200 = r*x. Let y = -24 + 38. What is the remainder when x is divided by y?
12
Suppose 0 = -824*n + 814*n + 800. Let c(l) = -8*l - 4. Calculate the remainder when n is divided by c(-4).
24
Let n(h) = h**3 + 35*h**2 + 38*h + 151. Suppose 0 = 3*f - 137 - 16. Suppose 0 = t + 8 - f. What is the remainder when t is divided by n(-34)?
13
Suppose -794 = -15*y + 6181. What is the remainder when y is divided by 39?
36
Let t(a) = 13*a - 65. What is the remainder when 43 is divided by t(6)?
4
Suppose s + 947 = 3*w, -7*w + 12*w = 3*s + 1581. What is the remainder when w is divided by 81?
72
Let l = -1122 - -1129. What is the remainder when 10 is divided by l?
3
Suppose 0 = 2*m - b - 17, -27*b + 65 = 5*m - 22*b. Calculate the remainder when m is divided by ((-8)/3)/((-2)/6).
2
Calculate the remainder when 3 + 4/((-20)/(-1425)) is divided by 10.
8
Suppose -6*l = -3*l - 15. 